
What is the hundreds digit of 155875?
8
What is the hundreds digit of 225?
2
What is the units digit of 2512?
2
What is the ten thousands digit of 12601?
1
What is the thousands digit of 6158?
6
What is the hundreds digit of 4798?
7
What is the tens digit of 317?
1
What is the units digit of 4056?
6
What is the tens digit of 79242?
4
What is the ten thousands digit of 46416?
4
What is the thousands digit of 1063?
1
What is the thousands digit of 1587?
1
What is the tens digit of 1992?
9
What is the hundreds digit of 5742?
7
What is the thousands digit of 164140?
4
What is the tens digit of 4112?
1
What is the hundreds digit of 4029?
0
What is the units digit of 1687?
7
What is the tens digit of 8760?
6
What is the ten thousands digit of 33744?
3
What is the units digit of 18333?
3
What is the units digit of 11236?
6
What is the hundreds digit of 5032?
0
What is the thousands digit of 4642?
4
What is the thousands digit of 9422?
9
What is the tens digit of 1148?
4
What is the ten thousands digit of 12466?
1
What is the units digit of 326?
6
What is the units digit of 83?
3
What is the tens digit of 2566?
6
What is the tens digit of 1093?
9
What is the hundred thousands digit of 119108?
1
What is the hundreds digit of 2785?
7
What is the thousands digit of 6072?
6
What is the units digit of 685?
5
What is the thousands digit of 19050?
9
What is the tens digit of 840?
4
What is the tens digit of 2846?
4
What is the hundreds digit of 31095?
0
What is the units digit of 106?
6
What is the units digit of 56842?
2
What is the thousands digit of 7161?
7
What is the thousands digit of 37596?
7
What is the hundreds digit of 7061?
0
What is the units digit of 434?
4
What is the ten thousands digit of 84627?
8
What is the tens digit of 2431?
3
What is the thousands digit of 12483?
2
What is the tens digit of 25675?
7
What is the hundreds digit of 433?
4
What is the tens digit of 411?
1
What is the hundreds digit of 2064?
0
What is the hundreds digit of 13827?
8
What is the thousands digit of 10087?
0
What is the thousands digit of 51316?
1
What is the hundreds digit of 32414?
4
What is the units digit of 17111?
1
What is the hundreds digit of 521?
5
What is the hundreds digit of 131?
1
What is the hundreds digit of 542?
5
What is the hundreds digit of 1396?
3
What is the hundreds digit of 972?
9
What is the ten thousands digit of 12348?
1
What is the units digit of 830?
0
What is the units digit of 814?
4
What is the tens digit of 13465?
6
What is the tens digit of 7234?
3
What is the thousands digit of 52738?
2
What is the thousands digit of 10498?
0
What is the units digit of 10768?
8
What is the tens digit of 5709?
0
What is the thousands digit of 30367?
0
What is the tens digit of 3285?
8
What is the hundreds digit of 2867?
8
What is the hundreds digit of 28539?
5
What is the units digit of 1029?
9
What is the hundreds digit of 34311?
3
What is the units digit of 62055?
5
What is the units digit of 10395?
5
What is the ten thousands digit of 34191?
3
What is the tens digit of 3625?
2
What is the units digit of 7?
7
What is the tens digit of 6685?
8
What is the units digit of 144132?
2
What is the hundreds digit of 28869?
8
What is the hundreds digit of 1366?
3
What is the tens digit of 12493?
9
What is the units digit of 12830?
0
What is the units digit of 1003?
3
What is the hundreds digit of 3099?
0
What is the tens digit of 3090?
9
What is the units digit of 499?
9
What is the ten thousands digit of 35169?
3
What is the tens digit of 698?
9
What is the tens digit of 596?
9
What is the thousands digit of 29849?
9
What is the hundreds digit of 1061?
0
What is the units digit of 1404?
4
What is the tens digit of 23213?
1
What is the thousands digit of 31187?
1
What is the thousands digit of 1764?
1
What is the units digit of 5857?
7
What is the hundreds digit of 1447?
4
What is the thousands digit of 7489?
7
What is the units digit of 95185?
5
What is the units digit of 1173?
3
What is the thousands digit of 4901?
4
What is the tens digit of 1168?
6
What is the hundreds digit of 739?
7
What is the units digit of 2146?
6
What is the hundreds digit of 14104?
1
What is the thousands digit of 68786?
8
What is the thousands digit of 21885?
1
What is the hundreds digit of 26181?
1
What is the hundreds digit of 4159?
1
What is the hundreds digit of 5060?
0
What is the hundreds digit of 91712?
7
What is the hundreds digit of 11794?
7
What is the hundreds digit of 79387?
3
What is the units digit of 3742?
2
What is the hundreds digit of 52141?
1
What is the hundreds digit of 3524?
5
What is the hundreds digit of 28796?
7
What is the hundreds digit of 21629?
6
What is the units digit of 26831?
1
What is the units digit of 20278?
8
What is the hundreds digit of 3569?
5
What is the thousands digit of 1228?
1
What is the tens digit of 412?
1
What is the tens digit of 17773?
7
What is the hundreds digit of 781?
7
What is the units digit of 13866?
6
What is the units digit of 93672?
2
What is the hundreds digit of 2060?
0
What is the hundreds digit of 7537?
5
What is the hundreds digit of 497?
4
What is the hundreds digit of 6515?
5
What is the tens digit of 86?
8
What is the hundreds digit of 422?
4
What is the hundreds digit of 364?
3
What is the hundreds digit of 1936?
9
What is the hundreds digit of 335?
3
What is the tens digit of 5921?
2
What is the units digit of 8585?
5
What is the units digit of 906?
6
What is the tens digit of 1527?
2
What is the tens digit of 7719?
1
What is the thousands digit of 2211?
2
What is the tens digit of 519?
1
What is the hundreds digit of 770?
7
What is the units digit of 1836?
6
What is the units digit of 152237?
7
What is the units digit of 15424?
4
What is the thousands digit of 34759?
4
What is the thousands digit of 1150?
1
What is the hundreds digit of 75749?
7
What is the tens digit of 8703?
0
What is the units digit of 3797?
7
What is the units digit of 34493?
3
What is the thousands digit of 93759?
3
What is the units digit of 18441?
1
What is the ten thousands digit of 33910?
3
What is the thousands digit of 30825?
0
What is the tens digit of 4992?
9
What is the tens digit of 141928?
2
What is the tens digit of 1015?
1
What is the thousands digit of 92667?
2
What is the units digit of 35523?
3
What is the units digit of 3348?
8
What is the units digit of 92?
2
What is the units digit of 99543?
3
What is the thousands digit of 42115?
2
What is the units digit of 1695?
5
What is the hundreds digit of 5554?
5
What is the hundreds digit of 25737?
7
What is the units digit of 22244?
4
What is the thousands digit of 16867?
6
What is the tens digit of 33678?
7
What is the units digit of 417?
7
What is the units digit of 13030?
0
What is the thousands digit of 23558?
3
What is the hundreds digit of 2911?
9
What is the hundred thousands digit of 207344?
2
What is the ten thousands digit of 142526?
4
What is the tens digit of 15854?
5
What is the thousands digit of 2520?
2
What is the tens digit of 60137?
3
What is the units digit of 320?
0
What is the units digit of 20448?
8
What is the tens digit of 7038?
3
What is the units digit of 630?
0
What is the ten thousands digit of 150255?
5
What is the tens digit of 107338?
3
What is the units digit of 763?
3
What is the tens digit of 132463?
6
What is the tens digit of 1551?
5
What is the hundreds digit of 7826?
8
What is the hundreds digit of 114260?
2
What is the ten thousands digit of 26618?
2
What is the tens digit of 17490?
9
What is the hundreds digit of 14736?
7
What is the hundreds digit of 68782?
7
What is the units digit of 39091?
1
What is the units digit of 29214?
4
What is the thousands digit of 7405?
7
What is the thousands digit of 31949?
1
What is the hundred thousands digit of 180098?
1
What is the units digit of 3296?
6
What is the tens digit of 1733?
3
What is the thousands digit of 7627?
7
What is the units digit of 62?
2
What is the hundreds digit of 1147?
1
What is the hundreds digit of 696?
6
What is the ten thousands digit of 43264?
4
What is the units digit of 8112?
2
What is the tens digit of 20?
2
What is the units digit of 3600?
0
What is the thousands digit of 29921?
9
What is the tens digit of 562?
6
What is the hundreds digit of 641?
6
What is